{"id":18,"date":"2009-07-29T14:24:05","date_gmt":"2009-07-29T12:24:05","guid":{"rendered":"http:\/\/s05.nitnut.org\/?page_id=18"},"modified":"2010-05-31T16:39:13","modified_gmt":"2010-05-31T14:39:13","slug":"impressum","status":"publish","type":"page","link":"https:\/\/www.saar05-hockey.de\/?page_id=18","title":{"rendered":"Impressum"},"content":{"rendered":"<p><strong>Anbieter<\/strong><\/p>\n<p>Verantwortlich f\u00fcr den Inhalt ist der SV Saar 05 Saarbr\u00fccken \u00a0e.V.<\/p>\n<p><strong>Kontakt<\/strong><\/p>\n<p><strong> <\/strong><br \/>\nSV Saar 05 Saarbr\u00fccken e.V.<br \/>\nAmtsgericht Saarbr\u00fccken<br \/>\nVR 2005<br \/>\nPostfach 20 05 53<br \/>\n66046 Saarbr\u00fccken<\/p>\n<p>Wir \u00fcbernehmen keine Verantwortung oder Haftung f\u00fcr die Inhalte externer Websites. Wir setzen sowohl den gesunden Menschenverstand als auch die F\u00e4higkeit zur Kommunikation bei unseren Leserinnen und Lesern voraus. Wir bem\u00fchen uns, soweit m\u00f6glich, zum Zeitpunkt der Verlinkung s\u00e4mtliche Links auf ihre juristische Unbedenklichkeit zu pr\u00fcfen.<\/p>\n","protected":false},"excerpt":{"rendered":"<p>Anbieter Verantwortlich f\u00fcr den Inhalt ist der SV Saar 05 Saarbr\u00fccken \u00a0e.V. Kontakt SV Saar 05 Saarbr\u00fccken e.V. Amtsgericht Saarbr\u00fccken VR 2005 Postfach 20 05 53 66046 Saarbr\u00fccken Wir \u00fcbernehmen keine Verantwortung oder Haftung f\u00fcr die Inhalte externer&#8230; <a class=\"read-more\" href=\"https:\/\/www.saar05-hockey.de\/?page_id=18\">Mehr erfahren<\/a><\/p>\n","protected":false},"author":1,"featured_media":0,"parent":0,"menu_order":0,"comment_status":"closed","ping_status":"closed","template":"","meta":{"footnotes":""},"class_list":["post-18","page","type-page","status-publish","hentry","no-comments"],"_links":{"self":[{"href":"https:\/\/www.saar05-hockey.de\/index.php?rest_route=\/wp\/v2\/pages\/18","targetHints":{"allow":["GET"]}}],"collection":[{"href":"https:\/\/www.saar05-hockey.de\/index.php?rest_route=\/wp\/v2\/pages"}],"about":[{"href":"https:\/\/www.saar05-hockey.de\/index.php?rest_route=\/wp\/v2\/types\/page"}],"author":[{"embeddable":true,"href":"https:\/\/www.saar05-hockey.de\/index.php?rest_route=\/wp\/v2\/users\/1"}],"replies":[{"embeddable":true,"href":"https:\/\/www.saar05-hockey.de\/index.php?rest_route=%2Fwp%2Fv2%2Fcomments&post=18"}],"version-history":[{"count":5,"href":"https:\/\/www.saar05-hockey.de\/index.php?rest_route=\/wp\/v2\/pages\/18\/revisions"}],"predecessor-version":[{"id":124,"href":"https:\/\/www.saar05-hockey.de\/index.php?rest_route=\/wp\/v2\/pages\/18\/revisions\/124"}],"wp:attachment":[{"href":"https:\/\/www.saar05-hockey.de\/index.php?rest_route=%2Fwp%2Fv2%2Fmedia&parent=18"}],"curies":[{"name":"wp","href":"https:\/\/api.w.org\/{rel}","templated":true}]}}